{"id":254,"date":"2023-08-01T20:01:36","date_gmt":"2023-08-01T18:01:36","guid":{"rendered":"https:\/\/serpent-tendre.fr\/?page_id=254"},"modified":"2023-10-27T14:08:24","modified_gmt":"2023-10-27T12:08:24","slug":"accueil","status":"publish","type":"page","link":"https:\/\/serpent-tendre.fr\/index.php\/accueil\/","title":{"rendered":"Accueil"},"content":{"rendered":"","protected":false},"excerpt":{"rendered":"","protected":false},"author":1,"featured_media":142,"parent":0,"menu_order":0,"comment_status":"closed","ping_status":"closed","template":"wp-custom-template-accueil","meta":{"footnotes":""},"class_list":["post-254","page","type-page","status-publish","has-post-thumbnail","hentry"],"yoast_head":"<!-- This site is optimized with the Yoast SEO plugin v21.4 - https:\/\/yoast.com\/wordpress\/plugins\/seo\/ -->\n<title>Serpent Tendre - Salon de Tatouages Val d&#039;Oise<\/title>\n<meta name=\"description\" content=\"Salon de tatouages dans le Val d&#039;Oise. Conseil et cr\u00e9ation originale. N&#039;h\u00e9sitez-pas \u00e0 prendre rdv !\" \/>\n<meta name=\"robots\" content=\"index, follow, max-snippet:-1, max-image-preview:large, max-video-preview:-1\" \/>\n<link rel=\"canonical\" href=\"https:\/\/serpent-tendre.fr\/index.php\/accueil\/\" \/>\n<meta property=\"og:locale\" content=\"fr_FR\" \/>\n<meta property=\"og:type\" content=\"article\" \/>\n<meta property=\"og:title\" content=\"Serpent Tendre - Salon de Tatouages Val d&#039;Oise\" \/>\n<meta property=\"og:description\" content=\"Salon de tatouages dans le Val d&#039;Oise. Conseil et cr\u00e9ation originale. N&#039;h\u00e9sitez-pas \u00e0 prendre rdv !\" \/>\n<meta property=\"og:url\" content=\"https:\/\/serpent-tendre.fr\/index.php\/accueil\/\" \/>\n<meta property=\"og:site_name\" content=\"Serpent Tendre\" \/>\n<meta property=\"article:modified_time\" content=\"2023-10-27T12:08:24+00:00\" \/>\n<meta property=\"og:image\" content=\"https:\/\/serpent-tendre.fr\/wp-content\/uploads\/2023\/08\/image-cover-st-collab.png\" \/>\n\t<meta property=\"og:image:width\" content=\"960\" \/>\n\t<meta property=\"og:image:height\" content=\"600\" \/>\n\t<meta property=\"og:image:type\" content=\"image\/png\" \/>\n<meta name=\"twitter:card\" content=\"summary_large_image\" \/>\n<script type=\"application\/ld+json\" class=\"yoast-schema-graph\">{\"@context\":\"https:\/\/schema.org\",\"@graph\":[{\"@type\":\"WebPage\",\"@id\":\"https:\/\/serpent-tendre.fr\/index.php\/accueil\/\",\"url\":\"https:\/\/serpent-tendre.fr\/index.php\/accueil\/\",\"name\":\"Serpent Tendre - Salon de Tatouages Val d'Oise\",\"isPartOf\":{\"@id\":\"https:\/\/serpent-tendre.fr\/#website\"},\"datePublished\":\"2023-08-01T18:01:36+00:00\",\"dateModified\":\"2023-10-27T12:08:24+00:00\",\"description\":\"Salon de tatouages dans le Val d'Oise. Conseil et cr\u00e9ation originale. N'h\u00e9sitez-pas \u00e0 prendre rdv !\",\"breadcrumb\":{\"@id\":\"https:\/\/serpent-tendre.fr\/index.php\/accueil\/#breadcrumb\"},\"inLanguage\":\"fr-FR\",\"potentialAction\":[{\"@type\":\"ReadAction\",\"target\":[\"https:\/\/serpent-tendre.fr\/index.php\/accueil\/\"]}]},{\"@type\":\"BreadcrumbList\",\"@id\":\"https:\/\/serpent-tendre.fr\/index.php\/accueil\/#breadcrumb\",\"itemListElement\":[{\"@type\":\"ListItem\",\"position\":1,\"name\":\"Accueil\",\"item\":\"https:\/\/serpent-tendre.fr\/\"},{\"@type\":\"ListItem\",\"position\":2,\"name\":\"Accueil\"}]},{\"@type\":\"WebSite\",\"@id\":\"https:\/\/serpent-tendre.fr\/#website\",\"url\":\"https:\/\/serpent-tendre.fr\/\",\"name\":\"Serpent Tendre\",\"description\":\"Salon de tatouage\",\"publisher\":{\"@id\":\"https:\/\/serpent-tendre.fr\/#organization\"},\"potentialAction\":[{\"@type\":\"SearchAction\",\"target\":{\"@type\":\"EntryPoint\",\"urlTemplate\":\"https:\/\/serpent-tendre.fr\/?s={search_term_string}\"},\"query-input\":\"required name=search_term_string\"}],\"inLanguage\":\"fr-FR\"},{\"@type\":\"Organization\",\"@id\":\"https:\/\/serpent-tendre.fr\/#organization\",\"name\":\"Serpent Tendre\",\"url\":\"https:\/\/serpent-tendre.fr\/\",\"logo\":{\"@type\":\"ImageObject\",\"inLanguage\":\"fr-FR\",\"@id\":\"https:\/\/serpent-tendre.fr\/#\/schema\/logo\/image\/\",\"url\":\"https:\/\/serpent-tendre.fr\/wp-content\/uploads\/2023\/08\/st-logo-en-tete-400-2.png\",\"contentUrl\":\"https:\/\/serpent-tendre.fr\/wp-content\/uploads\/2023\/08\/st-logo-en-tete-400-2.png\",\"width\":1959,\"height\":1086,\"caption\":\"Serpent Tendre\"},\"image\":{\"@id\":\"https:\/\/serpent-tendre.fr\/#\/schema\/logo\/image\/\"},\"sameAs\":[\"https:\/\/www.instagram.com\/serpent_tendre\/?hl=fr\"]}]}<\/script>\n<!-- \/ Yoast SEO plugin. -->","yoast_head_json":{"title":"Serpent Tendre - Salon de Tatouages Val d'Oise","description":"Salon de tatouages dans le Val d'Oise. Conseil et cr\u00e9ation originale. N'h\u00e9sitez-pas \u00e0 prendre rdv !","robots":{"index":"index","follow":"follow","max-snippet":"max-snippet:-1","max-image-preview":"max-image-preview:large","max-video-preview":"max-video-preview:-1"},"canonical":"https:\/\/serpent-tendre.fr\/index.php\/accueil\/","og_locale":"fr_FR","og_type":"article","og_title":"Serpent Tendre - Salon de Tatouages Val d'Oise","og_description":"Salon de tatouages dans le Val d'Oise. Conseil et cr\u00e9ation originale. N'h\u00e9sitez-pas \u00e0 prendre rdv !","og_url":"https:\/\/serpent-tendre.fr\/index.php\/accueil\/","og_site_name":"Serpent Tendre","article_modified_time":"2023-10-27T12:08:24+00:00","og_image":[{"width":960,"height":600,"url":"https:\/\/serpent-tendre.fr\/wp-content\/uploads\/2023\/08\/image-cover-st-collab.png","type":"image\/png"}],"twitter_card":"summary_large_image","schema":{"@context":"https:\/\/schema.org","@graph":[{"@type":"WebPage","@id":"https:\/\/serpent-tendre.fr\/index.php\/accueil\/","url":"https:\/\/serpent-tendre.fr\/index.php\/accueil\/","name":"Serpent Tendre - Salon de Tatouages Val d'Oise","isPartOf":{"@id":"https:\/\/serpent-tendre.fr\/#website"},"datePublished":"2023-08-01T18:01:36+00:00","dateModified":"2023-10-27T12:08:24+00:00","description":"Salon de tatouages dans le Val d'Oise. Conseil et cr\u00e9ation originale. N'h\u00e9sitez-pas \u00e0 prendre rdv !","breadcrumb":{"@id":"https:\/\/serpent-tendre.fr\/index.php\/accueil\/#breadcrumb"},"inLanguage":"fr-FR","potentialAction":[{"@type":"ReadAction","target":["https:\/\/serpent-tendre.fr\/index.php\/accueil\/"]}]},{"@type":"BreadcrumbList","@id":"https:\/\/serpent-tendre.fr\/index.php\/accueil\/#breadcrumb","itemListElement":[{"@type":"ListItem","position":1,"name":"Accueil","item":"https:\/\/serpent-tendre.fr\/"},{"@type":"ListItem","position":2,"name":"Accueil"}]},{"@type":"WebSite","@id":"https:\/\/serpent-tendre.fr\/#website","url":"https:\/\/serpent-tendre.fr\/","name":"Serpent Tendre","description":"Salon de tatouage","publisher":{"@id":"https:\/\/serpent-tendre.fr\/#organization"},"potentialAction":[{"@type":"SearchAction","target":{"@type":"EntryPoint","urlTemplate":"https:\/\/serpent-tendre.fr\/?s={search_term_string}"},"query-input":"required name=search_term_string"}],"inLanguage":"fr-FR"},{"@type":"Organization","@id":"https:\/\/serpent-tendre.fr\/#organization","name":"Serpent Tendre","url":"https:\/\/serpent-tendre.fr\/","logo":{"@type":"ImageObject","inLanguage":"fr-FR","@id":"https:\/\/serpent-tendre.fr\/#\/schema\/logo\/image\/","url":"https:\/\/serpent-tendre.fr\/wp-content\/uploads\/2023\/08\/st-logo-en-tete-400-2.png","contentUrl":"https:\/\/serpent-tendre.fr\/wp-content\/uploads\/2023\/08\/st-logo-en-tete-400-2.png","width":1959,"height":1086,"caption":"Serpent Tendre"},"image":{"@id":"https:\/\/serpent-tendre.fr\/#\/schema\/logo\/image\/"},"sameAs":["https:\/\/www.instagram.com\/serpent_tendre\/?hl=fr"]}]}},"_links":{"self":[{"href":"https:\/\/serpent-tendre.fr\/index.php\/wp-json\/wp\/v2\/pages\/254","targetHints":{"allow":["GET"]}}],"collection":[{"href":"https:\/\/serpent-tendre.fr\/index.php\/wp-json\/wp\/v2\/pages"}],"about":[{"href":"https:\/\/serpent-tendre.fr\/index.php\/wp-json\/wp\/v2\/types\/page"}],"author":[{"embeddable":true,"href":"https:\/\/serpent-tendre.fr\/index.php\/wp-json\/wp\/v2\/users\/1"}],"replies":[{"embeddable":true,"href":"https:\/\/serpent-tendre.fr\/index.php\/wp-json\/wp\/v2\/comments?post=254"}],"version-history":[{"count":1,"href":"https:\/\/serpent-tendre.fr\/index.php\/wp-json\/wp\/v2\/pages\/254\/revisions"}],"predecessor-version":[{"id":255,"href":"https:\/\/serpent-tendre.fr\/index.php\/wp-json\/wp\/v2\/pages\/254\/revisions\/255"}],"wp:featuredmedia":[{"embeddable":true,"href":"https:\/\/serpent-tendre.fr\/index.php\/wp-json\/wp\/v2\/media\/142"}],"wp:attachment":[{"href":"https:\/\/serpent-tendre.fr\/index.php\/wp-json\/wp\/v2\/media?parent=254"}],"curies":[{"name":"wp","href":"https:\/\/api.w.org\/{rel}","templated":true}]}}